{"id":3830,"date":"2025-09-26T17:36:41","date_gmt":"2025-09-26T15:36:41","guid":{"rendered":"https:\/\/www.silbaranera.com\/?post_type=product&#038;p=3830"},"modified":"2026-02-11T13:45:03","modified_gmt":"2026-02-11T12:45:03","slug":"rever-negro-gris-marron","status":"publish","type":"product","link":"https:\/\/www.silbaranera.com\/eng\/shop\/rever-negro-gris-marron\/","title":{"rendered":"REVER Negro &#038; gris marr\u00f3n"},"content":{"rendered":"<p>Bolso REVERSIBLE de piel girada <em>Double face.<\/em><\/p>\n<p><strong>Dos bolsos en uno<\/strong>. Por un lado, tenemos la cara napaland en piel, color negro y por otro lado un suave mouton tono gris marr\u00f3n. Cierre con tapa y bot\u00f3n a ambos lados. Base de napa en ambos lados.<\/p>\n<p class=\"translation-block\">Composition: 100% <em>Double face<\/em> lamb leather.<\/p>\n<p><strong>Composici\u00f3n asas:<\/strong> Asa ancha de piel y\u00a0 correa extensible extra\u00edble\u00a0 con mosquetones para llevar cruzado el bolso.<\/p>\n<p><strong>Medidas:<\/strong> 35 cm x 28 cm x 13 cm<\/p>\n<h3><\/h3>\n<p><em>\"LIMITED SERIES\"<\/em><\/p>\n<p><em>Todos nuestros bolsos Reversibles son series limitadas, al tratarse de partidas \u00fanicas.\u00a0<\/em><\/p>","protected":false},"excerpt":{"rendered":"<p>Bolso REVERSIBLE de piel girada Double face. Dos bolsos en uno. Por un lado, tenemos la cara napaland en piel, color negro y por otro lado un suave mouton tono gris marr\u00f3n. Cierre con tapa y bot\u00f3n a ambos lados. Base de napa en ambos lados. Composici\u00f3n: 100% piel cordero Double face. Composici\u00f3n asas: Asa [&hellip;]<\/p>\n","protected":false},"featured_media":3843,"comment_status":"closed","ping_status":"closed","template":"","meta":[],"product_brand":[],"product_cat":[58],"product_tag":[],"class_list":{"0":"post-3830","1":"product","2":"type-product","3":"status-publish","4":"has-post-thumbnail","6":"product_cat-bolsos-doubleface","8":"first","9":"outofstock","10":"taxable","11":"shipping-taxable","12":"purchasable","13":"product-type-simple"},"_links":{"self":[{"href":"https:\/\/www.silbaranera.com\/eng\/wp-json\/wp\/v2\/product\/3830","targetHints":{"allow":["GET"]}}],"collection":[{"href":"https:\/\/www.silbaranera.com\/eng\/wp-json\/wp\/v2\/product"}],"about":[{"href":"https:\/\/www.silbaranera.com\/eng\/wp-json\/wp\/v2\/types\/product"}],"replies":[{"embeddable":true,"href":"https:\/\/www.silbaranera.com\/eng\/wp-json\/wp\/v2\/comments?post=3830"}],"version-history":[{"count":2,"href":"https:\/\/www.silbaranera.com\/eng\/wp-json\/wp\/v2\/product\/3830\/revisions"}],"predecessor-version":[{"id":3884,"href":"https:\/\/www.silbaranera.com\/eng\/wp-json\/wp\/v2\/product\/3830\/revisions\/3884"}],"wp:featuredmedia":[{"embeddable":true,"href":"https:\/\/www.silbaranera.com\/eng\/wp-json\/wp\/v2\/media\/3843"}],"wp:attachment":[{"href":"https:\/\/www.silbaranera.com\/eng\/wp-json\/wp\/v2\/media?parent=3830"}],"wp:term":[{"taxonomy":"product_brand","embeddable":true,"href":"https:\/\/www.silbaranera.com\/eng\/wp-json\/wp\/v2\/product_brand?post=3830"},{"taxonomy":"product_cat","embeddable":true,"href":"https:\/\/www.silbaranera.com\/eng\/wp-json\/wp\/v2\/product_cat?post=3830"},{"taxonomy":"product_tag","embeddable":true,"href":"https:\/\/www.silbaranera.com\/eng\/wp-json\/wp\/v2\/product_tag?post=3830"}],"curies":[{"name":"wp","href":"https:\/\/api.w.org\/{rel}","templated":true}]}}