{"id":2919,"date":"2024-04-30T10:44:40","date_gmt":"2024-04-30T08:44:40","guid":{"rendered":"https:\/\/www.silbaranera.com\/?post_type=product&#038;p=2919"},"modified":"2025-10-08T16:27:26","modified_gmt":"2025-10-08T14:27:26","slug":"reixeta-natural","status":"publish","type":"product","link":"https:\/\/www.silbaranera.com\/eng\/shop\/reixeta-natural\/","title":{"rendered":"REIXETA natural"},"content":{"rendered":"<p>Bolso tipo cartera\/clutch de piel natural troquelada en forma de reja. Cierre mediante cremallera y un im\u00e1n. En su interior incluye una bolsa de tejido extra\u00edble de algod\u00f3n a juego con el asa de mano. La cartera de piel tambi\u00e9n la puedes llevar como bolso con su correa para cruzar o llevar al hombro.\u00a0 La piel es de curtici\u00f3n vegetal, cuyo proceso es respetuoso con el medio ambiente. Disponible tambi\u00e9n el bolso de la misma colecci\u00f3n <em><a href=\"https:\/\/www.silbaranera.com\/eng\/shop\/reixa-natural\/\">REIXA natural<\/a> <\/em>y una shopper estructurada <em><a href=\"https:\/\/www.silbaranera.com\/eng\/shop\/reixa-plus\/\">REIXA plus<\/a><\/em>.<\/p>\n<p><strong>Material:<\/strong>\u00a0 100% piel vacuna de curtici\u00f3n natural.<\/p>\n<p>Bolsita interior con cremallera\u00a0 80% algod\u00f3n 20% PES.<\/p>\n<p><strong>Medidas: <\/strong>20 cm altura x 29 cm ancho x 4 cm fondo.<\/p>\n<p>Correa de piel regulable de 2 cm ancho con mosquet\u00f3n.<\/p>","protected":false},"excerpt":{"rendered":"<p>Bolso tipo cartera\/clutch de piel natural troquelada en forma de reja. Cierre mediante cremallera y un im\u00e1n. En su interior incluye una bolsa de tejido extra\u00edble de algod\u00f3n a juego con el asa de mano. La cartera de piel tambi\u00e9n la puedes llevar como bolso con su correa para cruzar o llevar al hombro.\u00a0 La [&hellip;]<\/p>\n","protected":false},"featured_media":2938,"comment_status":"closed","ping_status":"closed","template":"","meta":[],"product_brand":[],"product_cat":[27],"product_tag":[],"class_list":{"0":"post-2919","1":"product","2":"type-product","3":"status-publish","4":"has-post-thumbnail","6":"product_cat-bolsos-tejido-piel","8":"first","9":"instock","10":"taxable","11":"shipping-taxable","12":"purchasable","13":"product-type-simple"},"_links":{"self":[{"href":"https:\/\/www.silbaranera.com\/eng\/wp-json\/wp\/v2\/product\/2919","targetHints":{"allow":["GET"]}}],"collection":[{"href":"https:\/\/www.silbaranera.com\/eng\/wp-json\/wp\/v2\/product"}],"about":[{"href":"https:\/\/www.silbaranera.com\/eng\/wp-json\/wp\/v2\/types\/product"}],"replies":[{"embeddable":true,"href":"https:\/\/www.silbaranera.com\/eng\/wp-json\/wp\/v2\/comments?post=2919"}],"version-history":[{"count":5,"href":"https:\/\/www.silbaranera.com\/eng\/wp-json\/wp\/v2\/product\/2919\/revisions"}],"predecessor-version":[{"id":2942,"href":"https:\/\/www.silbaranera.com\/eng\/wp-json\/wp\/v2\/product\/2919\/revisions\/2942"}],"wp:featuredmedia":[{"embeddable":true,"href":"https:\/\/www.silbaranera.com\/eng\/wp-json\/wp\/v2\/media\/2938"}],"wp:attachment":[{"href":"https:\/\/www.silbaranera.com\/eng\/wp-json\/wp\/v2\/media?parent=2919"}],"wp:term":[{"taxonomy":"product_brand","embeddable":true,"href":"https:\/\/www.silbaranera.com\/eng\/wp-json\/wp\/v2\/product_brand?post=2919"},{"taxonomy":"product_cat","embeddable":true,"href":"https:\/\/www.silbaranera.com\/eng\/wp-json\/wp\/v2\/product_cat?post=2919"},{"taxonomy":"product_tag","embeddable":true,"href":"https:\/\/www.silbaranera.com\/eng\/wp-json\/wp\/v2\/product_tag?post=2919"}],"curies":[{"name":"wp","href":"https:\/\/api.w.org\/{rel}","templated":true}]}}