{"id":4190,"date":"2026-02-12T09:13:17","date_gmt":"2026-02-12T08:13:17","guid":{"rendered":"https:\/\/www.silbaranera.com\/?post_type=product&#038;p=4190"},"modified":"2026-02-12T09:13:17","modified_gmt":"2026-02-12T08:13:17","slug":"cuello-zorro-azul","status":"publish","type":"product","link":"https:\/\/www.silbaranera.com\/cat\/shop\/cuello-zorro-azul\/","title":{"rendered":"CUELLO zorro azul"},"content":{"rendered":"<p>Cuello de pelo zorro te\u00f1ido color azul intenso, forma tubular con cierre en bot\u00f3n y presilla. Suave, ligero y muy calentito.<\/p>\n<p>Talla \u00fanica.<\/p>","protected":false},"excerpt":{"rendered":"<p>Cuello de pelo zorro te\u00f1ido color azul intenso, forma tubular con cierre en bot\u00f3n y presilla. Suave, ligero y muy calentito. Talla \u00fanica.<\/p>","protected":false},"featured_media":4145,"comment_status":"closed","ping_status":"closed","template":"","meta":[],"product_brand":[],"product_cat":[56],"product_tag":[],"class_list":{"0":"post-4190","1":"product","2":"type-product","3":"status-publish","4":"has-post-thumbnail","6":"product_cat-complementos","8":"first","9":"instock","10":"taxable","11":"shipping-taxable","12":"purchasable","13":"product-type-simple"},"_links":{"self":[{"href":"https:\/\/www.silbaranera.com\/cat\/wp-json\/wp\/v2\/product\/4190","targetHints":{"allow":["GET"]}}],"collection":[{"href":"https:\/\/www.silbaranera.com\/cat\/wp-json\/wp\/v2\/product"}],"about":[{"href":"https:\/\/www.silbaranera.com\/cat\/wp-json\/wp\/v2\/types\/product"}],"replies":[{"embeddable":true,"href":"https:\/\/www.silbaranera.com\/cat\/wp-json\/wp\/v2\/comments?post=4190"}],"version-history":[{"count":1,"href":"https:\/\/www.silbaranera.com\/cat\/wp-json\/wp\/v2\/product\/4190\/revisions"}],"predecessor-version":[{"id":4191,"href":"https:\/\/www.silbaranera.com\/cat\/wp-json\/wp\/v2\/product\/4190\/revisions\/4191"}],"wp:featuredmedia":[{"embeddable":true,"href":"https:\/\/www.silbaranera.com\/cat\/wp-json\/wp\/v2\/media\/4145"}],"wp:attachment":[{"href":"https:\/\/www.silbaranera.com\/cat\/wp-json\/wp\/v2\/media?parent=4190"}],"wp:term":[{"taxonomy":"product_brand","embeddable":true,"href":"https:\/\/www.silbaranera.com\/cat\/wp-json\/wp\/v2\/product_brand?post=4190"},{"taxonomy":"product_cat","embeddable":true,"href":"https:\/\/www.silbaranera.com\/cat\/wp-json\/wp\/v2\/product_cat?post=4190"},{"taxonomy":"product_tag","embeddable":true,"href":"https:\/\/www.silbaranera.com\/cat\/wp-json\/wp\/v2\/product_tag?post=4190"}],"curies":[{"name":"wp","href":"https:\/\/api.w.org\/{rel}","templated":true}]}}