{"id":3507,"date":"2024-11-22T21:22:55","date_gmt":"2024-11-22T20:22:55","guid":{"rendered":"https:\/\/www.silbaranera.com\/?post_type=product&#038;p=3507"},"modified":"2025-10-08T16:04:30","modified_gmt":"2025-10-08T14:04:30","slug":"capa-lana-gris","status":"publish","type":"product","link":"https:\/\/www.silbaranera.com\/cat\/shop\/capa-lana-gris\/","title":{"rendered":"CAPA Lana gris"},"content":{"rendered":"<p>Chaqueta capa lana 100% con cuello subido tipo austriaca y aplicaciones de piel en cuello y espalda (extra\u00edbles e intercambiables).<\/p>\n<p>Incluye dos juegos de color de piel para cuello y espalda: napa color burdeos y napa color negro.<\/p>\n<p>Botones met\u00e1licos y cierre a presi\u00f3n.<\/p>\n<p>Talla \u00danica<\/p>\n<p><strong>Composici\u00f3n:<\/strong> Mufl\u00f3n LANA 100 %\u00a0 Piel ovina 100 %<\/p>\n<p>&nbsp;<\/p>","protected":false},"excerpt":{"rendered":"<p>Chaqueta capa lana 100% con cuello subido tipo austriaca y aplicaciones de piel en cuello y espalda (extra\u00edbles e intercambiables). Incluye dos juegos de color de piel para cuello y espalda: napa color burdeos y napa color negro. Botones met\u00e1licos y cierre a presi\u00f3n. Talla \u00danica Composici\u00f3n: Mufl\u00f3n LANA 100 %\u00a0 Piel ovina 100 % [&hellip;]<\/p>\n","protected":false},"featured_media":3510,"comment_status":"closed","ping_status":"closed","template":"","meta":[],"product_brand":[],"product_cat":[57],"product_tag":[],"class_list":{"0":"post-3507","1":"product","2":"type-product","3":"status-publish","4":"has-post-thumbnail","6":"product_cat-chalecos-y-capas","8":"first","9":"outofstock","10":"taxable","11":"shipping-taxable","12":"purchasable","13":"product-type-simple"},"_links":{"self":[{"href":"https:\/\/www.silbaranera.com\/cat\/wp-json\/wp\/v2\/product\/3507","targetHints":{"allow":["GET"]}}],"collection":[{"href":"https:\/\/www.silbaranera.com\/cat\/wp-json\/wp\/v2\/product"}],"about":[{"href":"https:\/\/www.silbaranera.com\/cat\/wp-json\/wp\/v2\/types\/product"}],"replies":[{"embeddable":true,"href":"https:\/\/www.silbaranera.com\/cat\/wp-json\/wp\/v2\/comments?post=3507"}],"version-history":[{"count":1,"href":"https:\/\/www.silbaranera.com\/cat\/wp-json\/wp\/v2\/product\/3507\/revisions"}],"predecessor-version":[{"id":3516,"href":"https:\/\/www.silbaranera.com\/cat\/wp-json\/wp\/v2\/product\/3507\/revisions\/3516"}],"wp:featuredmedia":[{"embeddable":true,"href":"https:\/\/www.silbaranera.com\/cat\/wp-json\/wp\/v2\/media\/3510"}],"wp:attachment":[{"href":"https:\/\/www.silbaranera.com\/cat\/wp-json\/wp\/v2\/media?parent=3507"}],"wp:term":[{"taxonomy":"product_brand","embeddable":true,"href":"https:\/\/www.silbaranera.com\/cat\/wp-json\/wp\/v2\/product_brand?post=3507"},{"taxonomy":"product_cat","embeddable":true,"href":"https:\/\/www.silbaranera.com\/cat\/wp-json\/wp\/v2\/product_cat?post=3507"},{"taxonomy":"product_tag","embeddable":true,"href":"https:\/\/www.silbaranera.com\/cat\/wp-json\/wp\/v2\/product_tag?post=3507"}],"curies":[{"name":"wp","href":"https:\/\/api.w.org\/{rel}","templated":true}]}}